lse
Is 9 a factor of 37764765?
True
Is 269 a factor of 37633719?
False
Does 2375 divide 689541655?
False
Is 1384793592 a multiple of 20?
False
Does 734 divide 5356732?
True
Is 583075260 a multiple of 81?
True
Is 360 a factor of 1108963440?
True
Is 29244780 a multiple of 6?
True
Does 3 divide 105526962?
True
Does 63 divide 22188231?
False
Is 17 a factor of 42504109?
False
Is 37465527 a multiple of 137?
True
Is 286 a factor of 575192618?
True
Is 978103896 a multiple of 42?
True
Is 88 a factor of 25661432?
False
Is 161492152 a multiple of 3?
False
Is 307855894 a multiple of 218?
True
Is 39 a factor of 211042469?
False
Is 153630109 a multiple of 792?
False
Is 1929313 a multiple of 1914?
False
Is 10670003 a multiple of 147?
False
Does 524 divide 3510800?
True
Is 731130 a multiple of 10?
True
Does 1125 divide 24388630?
False
Is 100208574 a multiple of 51?
True
Does 23 divide 17542974?
True
Is 1024 a factor of 26781640?
False
Is 530 a factor of 278076666?
False
Is 165 a factor of 16730416?
False
Is 5310392 a multiple of 7?
False
Does 256 divide 890751170?
False
Is 164 a factor of 15256100?
True
Is 28 a factor of 50303456?
True
Is 478010390 a multiple of 1089?
False
Is 19852767 a multiple of 116?
False
Does 38 divide 242489898?
False
Does 768 divide 242847566?
False
Is 6 a factor of 2828448914?
False
Is 77315408 a multiple of 59?
False
Does 2364 divide 65766480?
True
Does 39 divide 7896985736?
False
Does 9283 divide 1594794744?
False
Is 111620604 a multiple of 4875?
False
Is 102862395 a multiple of 45?
True
Is 40662300 a multiple of 70?
True
Does 1278 divide 346265154?
True
Is 43587816 a multiple of 6?
True
Does 5370 divide 786221700?
True
Is 6 a factor of 176735278?
False
Is 41511852 a multiple of 62?
True
Does 10 divide 21429720?
True
Does 1123 divide 307444373?
False
Is 98882782 a multiple of 711?
False
Is 6 a factor of 6771592?
False
Is 1894364888 a multiple of 5891?
False
Is 76853172 a multiple of 12?
True
Is 20363330 a multiple of 65?
True
Is 112 a factor of 1532555207?
False
Is 33 a factor of 94212249?
False
Does 2819 divide 4496827068?
False
Does 24 divide 206682489?
False
Does 248 divide 2124128928?
True
Is 117208170 a multiple of 1812?
False
Is 162819342 a multiple of 72?
False
Is 9275365 a multiple of 42?
False
Is 323759298 a multiple of 159?
True
Is 105 a factor of 24967585?
False
Is 1606 a factor of 582979606?
True
Is 40 a factor of 6798761223?
False
Is 9 a factor of 32351238?
True
Is 164 a factor of 92788528?
False
Does 4087 divide 43215938?
True
Is 79 a factor of 1010377412?
False
Is 66067365 a multiple of 3551?
False
Does 2117 divide 828733522?
True
Is 119022081 a multiple of 111?
True
Is 22 a factor of 226220396?
False
Is 55 a factor of 569140?
True
Does 130 divide 1530472?
False
Is 28642839 a multiple of 648?
False
Does 685 divide 66434040?
True
Does 1430 divide 12669746?
False
Does 24 divide 17230992?
True
Is 8 a factor of 2437551912?
True
Does 2982 divide 96599964?
False
Is 78 a factor of 99785101?
False
Is 129312465 a multiple of 2027?
True
Is 304117271 a multiple of 3202?
False
Is 199 a factor of 106203912?
True
Does 383 divide 692044615?
True
Is 76 a factor of 106668432?
True
Is 161 a factor of 7447247?
False
Is 92731694 a multiple of 43?
False
Is 709254516 a multiple of 4?
True
Does 893 divide 12629699?
True
Does 319 divide 720307742?
True
Is 85782207 a multiple of 595?
False
Is 299 a factor of 779863860?
False
Does 199 divide 329415248?
False
Is 46 a factor of 50361858?
True
Is 6990 a factor of 290068772?
False
Is 176692908 a multiple of 834?
True
Does 1010 divide 1736488960?
True
Is 66 a factor of 661029632?
False
Is 17 a factor of 142322335?
False
Is 3 a factor of 404478752?
False
Is 3688800 a multiple of 159?
True
Is 94482324 a multiple of 501?
False
Does 64 divide 355588187?
False
Is 1393 a factor of 6712867?
True
Is 5 a factor of 82596546?
False
Does 35 divide 37949885?
False
Does 16 divide 3073719?
False
Is 68 a factor of 173789563?
False
Does 218 divide 646353224?
False
Does 29 divide 3700553?
False
Does 20 divide 42402915?
False
Is 56 a factor of 439318096?
True
Is 11 a factor of 774423463?
True
Does 2668 divide 92302161?
False
Is 979187816 a multiple of 743?
False
Does 373 divide 1270166456?
True
Does 105 divide 629442195?
False
Is 337 a factor of 1922846849?
True
Is 1047144 a multiple of 92?
True
Is 3410810 a multiple of 10?
True
Is 8 a factor of 565221044?
False
Is 357 a factor of 196086481?
False
Does 24 divide 10853348?
False
Is 5315 a factor of 26551761?
False
Is 172794612 a multiple of 2804?
False
Does 170 divide 335316160?
True
Is 112 a factor of 114619185?
False
Is 65338728 a multiple of 24?
True
Does 7 divide 74607342?
False
Is 404283364 a multiple of 47?
False
Is 1732764 a multiple of 22?
True
Is 1323 a factor of 49583517?
False
Does 42 divide 55216056?
True
Does 6 divide 1902675738?
True
Is 9796 a factor of 1836965512?
True
Is 571 a factor of 3794508?
False
Is 519988982 a multiple of 15?
False
Is 1448066628 a multiple of 87?
True
Is 1224 a factor of 122770292?
False
Is 39301776 a multiple of 3?
True
Is 1125 a factor of 2387516625?
True
Is 402 a factor of 47700510?
False
Is 8424900 a multiple of 368?
False
Does 1387 divide 64636974?
True
Is 5962602 a multiple of 682?
False
Is 8 a factor of 1100978470?
False
Is 336894860 a multiple of 24?
False
Is 1028 a factor of 53665407?
False
Does 5344 divide 2402480704?
True
Is 21488952 a multiple of 51?
True
Is 700873384 a multiple of 454?
False
Does 632 divide 341335616?
True
Does 61 divide 7828313?
True
Does 613 divide 5248634?
False
Does 66 divide 874167491?
False
Is 9284 a factor of 1990489600?
True
Is 3370 a factor of 506863934?
False
Is 394065612 a multiple of 36?
True
Is 9 a factor of 53024769?
True
Does 4 divide 58693197?
False
Does 1469 divide 303035603?
True
Does 1135 divide 100806634?
False
Is 355 a factor of 4671491714?
False
Is 1518960 a multiple of 5?
True
Is 249981840 a multiple of 80?
True
Does 239 divide 110521624?
False
Is 12996756 a multiple of 3?
True
Does 2693 divide 19560198?
False
Does 107 divide 8554537?
False
Is 77 a factor of 1208324839?
False
Is 313195840 a multiple of 8?
True
Is 839399008 a multiple of 1799?
True
Is 8553 a factor of 567203565?
False
Is 4 a factor of 1657391992?
True
Does 170 divide 188394506?
False
Is 448 a factor of 210067200?
True
Does 15 divide 2099836695?
True
Is 489765143 a multiple of 331?
True
Is 7 a factor of 2357900475?
True
Is 24 a factor of 95228143?
False
Does 208 divide 77412192?
True
Is 524449175 a multiple of 443?
False
Is 206151124 a multiple of 146?
True
Does 141 divide 9745638?
True
Is 683 a factor of 749856800?
False
Is 242203752 a multiple of 252?
True
Is 1797866644 a multiple of 14?
True
Is 52 a factor of 15385214?
False
Does 289 divide 30596329?
False
Does 17 divide 223970627?
False
Is 199 a factor of 35739803?
True
Is 16944114 a multiple of 165?
False
Does 2809 divide 229042189?
False
Is 291808603 a multiple of 26?
False
Is 112 a factor of 65331392?
True
Is 585600660 a multiple of 13?
False
Is 17130824 a multiple of 383?
True
Does 298 divide 20595842?
False
Does 56 divide 204320044?
False
Is 1543 a factor of 2513582489?
True
Is 2035668 a multiple of 24?
False
Is 6 a factor of 616114144?
False
Is 1612 a factor of 300113385?
False
Is 4035 a factor of 3864392130?
True
Is 104 a factor of 18202153?
False
Is 79 a factor of 111393121?
False
Is 19 a factor of 2442822248?
True
Does 14 divide 282307?
False
Does 325 divide 5181475?
True
Is 103759710 a multiple of 15?
True
Is 10178119 a multiple of 38?
False
Is 554 a factor of 158027946?
True
Is 268 a factor of 70188251?
False
Does 7 divide 463996810?
False
Is 1710450 a multiple of 630?
True
Does 914 divide 20552204?
True
Does 125 divide 55518722?
False
Is 2661 a factor of 78326535?
True
Is 8 a factor of 1145928?
True
Is 95 a factor of 10716095?
True
Is 1024 a factor of 255228717?
False
Is 32 a factor of 68027792?
False
Is 12 a factor of 15412039?
False
Is 224 a factor of 103051872?
True
Does 329 divide 2870094?
False
Does 23 divide 477338801?
False
Is 8246340 a multiple of 36?
True
Is 1413301480 a multiple of 10264?
True
Does 350 divide 765356900?
True
Is 736859852 a multiple of 231?
False
Is 487 a factor of 105640641?
False
Is 2513 a factor of 966565138?
Tru